{"id":6,"date":"2020-07-16T11:37:07","date_gmt":"2020-07-16T09:37:07","guid":{"rendered":"http:\/\/www.by.immersiv3d.fr\/?page_id=6"},"modified":"2020-07-16T12:08:28","modified_gmt":"2020-07-16T10:08:28","slug":"demo-hotels","status":"publish","type":"page","link":"http:\/\/www.by.immersiv3d.fr\/index.php\/demo-hotels\/","title":{"rendered":"Demo hotels"},"content":{"rendered":"\t\t<div data-elementor-type=\"wp-page\" data-elementor-id=\"6\" class=\"elementor elementor-6\" data-elementor-settings=\"[]\">\n\t\t\t\t\t\t<div class=\"elementor-inner\">\n\t\t\t\t\t\t\t<div class=\"elementor-section-wrap\">\n\t\t\t\t\t\t\t<section class=\"elementor-section elementor-top-section elementor-element elementor-element-cf6e151 elementor-section-boxed elementor-section-height-default elementor-section-height-default\" data-id=\"cf6e151\" data-element_type=\"section\">\n\t\t\t\t\t\t<div class=\"elementor-container elementor-column-gap-default\">\n\t\t\t\t\t\t\t<div class=\"elementor-row\">\n\t\t\t\t\t<div class=\"elementor-column elementor-col-100 elementor-top-column elementor-element elementor-element-947d65a\" data-id=\"947d65a\" data-element_type=\"column\">\n\t\t\t<div class=\"elementor-column-wrap elementor-element-populated\">\n\t\t\t\t\t\t\t<div class=\"elementor-widget-wrap\">\n\t\t\t\t\t\t<div class=\"elementor-element elementor-element-b08eafd elementor-widget elementor-widget-text-editor\" data-id=\"b08eafd\" data-element_type=\"widget\" data-widget_type=\"text-editor.default\">\n\t\t\t\t<div class=\"elementor-widget-container\">\n\t\t\t\t\t<div class=\"elementor-text-editor elementor-clearfix\"><p style=\"font-family: Roboto-Regular, Roboto, 'Helvetica Neue', Helvetica, Arial, sans-serif; font-size: 16px; color: #000000; line-height: 1.6; margin-top: 16px; margin-bottom: 16px; text-size-adjust: auto;\">Les donn\u00e9es sur l\u2019utilisation d\u2019Instagram d\u00e9montrent la puissance des images pour votre pr\u00e9sence en ligne.<\/p><p style=\"font-family: Roboto-Regular, Roboto, 'Helvetica Neue', Helvetica, Arial, sans-serif; font-size: 16px; color: #000000; line-height: 1.6; margin-top: 16px; margin-bottom: 16px; text-size-adjust: auto;\">L\u2019aspiration \u00e0 de belles images n\u2019est pas une tendance passag\u00e8re et les h\u00f4teliers doivent exploiter tous les atouts de leur propri\u00e9t\u00e9.<\/p><p style=\"font-family: Roboto-Regular, Roboto, 'Helvetica Neue', Helvetica, Arial, sans-serif; font-size: 16px; color: #000000; line-height: 1.6; margin-top: 16px; margin-bottom: 16px; text-size-adjust: auto;\">\u00a0Regardez ces exemples splendides de photos promotionnelles et notez comment elles explorent m\u00eame les endroits les plus insolites des propri\u00e9t\u00e9s.<\/p><p style=\"font-family: Roboto-Regular, Roboto, 'Helvetica Neue', Helvetica, Arial, sans-serif; font-size: 16px; color: #000000; line-height: 1.6; margin-top: 16px; margin-bottom: 16px; text-size-adjust: auto;\">Nous avons eu le plaisir de vous pr\u00e9senter nos r\u00e9alisations de<span class=\"Apple-converted-space\">\u00a0<\/span><span style=\"font-weight: bold;\">VISITES VIRTUELLES<\/span><span class=\"Apple-converted-space\">\u00a0<\/span>sur notre stand IMMERSIV3D lors du salon<span class=\"Apple-converted-space\">\u00a0<\/span><span style=\"font-weight: bold;\">Food Hotel Tech<\/span>.<\/p><p style=\"color: #000000; line-height: 1.6; margin-top: 16px; margin-bottom: 16px; text-size-adjust: auto;\"><span style=\"font-family: Roboto-Regular, Roboto, Helvetica Neue, Helvetica, Arial, sans-serif;\"><span style=\"font-size: 16px;\">Nous serions heureux d\u2019en parler plus en avant avec vous afin d\u2019imaginer les possibilit\u00e9s de travailler ensemble sur vos projets.<br \/><br \/><\/span><\/span><span style=\"font-family: Oswald-Regular, Oswald, Helvetica Neue, Helvetica, Arial, sans-serif;\">Donnez envie de venir vous voir<\/span><\/p><p style=\"font-family: Roboto-Regular, Roboto, 'Helvetica Neue', Helvetica, Arial, sans-serif; font-size: 16px; color: #000000; line-height: 1.6; margin-top: 16px; margin-bottom: 16px; text-size-adjust: auto;\">Ces visites sont disponibles d\u2018un simple\u00a0clic sur les smartphones, tablettes, site internet ou sur des bornes interactives.<\/p><\/div>\n\t\t\t\t<\/div>\n\t\t\t\t<\/div>\n\t\t\t\t<div class=\"elementor-element elementor-element-d1bd6d8 elementor-widget elementor-widget-button\" data-id=\"d1bd6d8\" data-element_type=\"widget\" data-widget_type=\"button.default\">\n\t\t\t\t<div class=\"elementor-widget-container\">\n\t\t\t\t\t<div class=\"elementor-button-wrapper\">\n\t\t\t<a href=\"#elementor-action%3Aaction%3Dpopup%3Aopen%26settings%3DeyJpZCI6IjI2IiwidG9nZ2xlIjpmYWxzZX0%3D\" class=\"elementor-button-link elementor-button elementor-size-sm\" role=\"button\">\n\t\t\t\t\t\t<span class=\"elementor-button-content-wrapper\">\n\t\t\t\t\t\t<span class=\"elementor-button-text\">Cliquez ici<\/span>\n\t\t<\/span>\n\t\t\t\t\t<\/a>\n\t\t<\/div>\n\t\t\t\t<\/div>\n\t\t\t\t<\/div>\n\t\t\t\t\t\t<\/div>\n\t\t\t\t\t<\/div>\n\t\t<\/div>\n\t\t\t\t\t\t\t\t<\/div>\n\t\t\t\t\t<\/div>\n\t\t<\/section>\n\t\t\t\t<section class=\"elementor-section elementor-top-section elementor-element elementor-element-1d27d70 elementor-section-full_width elementor-section-height-default elementor-section-height-default\" data-id=\"1d27d70\" data-element_type=\"section\">\n\t\t\t\t\t\t<div class=\"elementor-container elementor-column-gap-no\">\n\t\t\t\t\t\t\t<div class=\"elementor-row\">\n\t\t\t\t\t<div class=\"elementor-column elementor-col-100 elementor-top-column elementor-element elementor-element-e66152a\" data-id=\"e66152a\" data-element_type=\"column\">\n\t\t\t<div class=\"elementor-column-wrap elementor-element-populated\">\n\t\t\t\t\t\t\t<div class=\"elementor-widget-wrap\">\n\t\t\t\t\t\t<div class=\"elementor-element elementor-element-078a9df elementor-widget elementor-widget-text-editor\" data-id=\"078a9df\" data-element_type=\"widget\" data-widget_type=\"text-editor.default\">\n\t\t\t\t<div class=\"elementor-widget-container\">\n\t\t\t\t\t<div class=\"elementor-text-editor elementor-clearfix\"><div style=\"width: 100%;\">\n<div style=\"position: relative; padding-bottom: 56.25%; padding-top: 0; height: 0;\"><iframe loading=\"lazy\" style=\"position: absolute; top: 0; left: 0; width: 100%; height: 100%;\" src=\"https:\/\/view.genial.ly\/5f0ec479aac1ef0dac094792\" width=\"1200px\" height=\"675px\" frameborder=\"0\" scrolling=\"yes\" allowfullscreen=\"allowfullscreen\"><\/iframe><\/div>\n<\/div><\/div>\n\t\t\t\t<\/div>\n\t\t\t\t<\/div>\n\t\t\t\t\t\t<\/div>\n\t\t\t\t\t<\/div>\n\t\t<\/div>\n\t\t\t\t\t\t\t\t<\/div>\n\t\t\t\t\t<\/div>\n\t\t<\/section>\n\t\t\t\t<section class=\"elementor-section elementor-top-section elementor-element elementor-element-8aec161 elementor-section-boxed elementor-section-height-default elementor-section-height-default\" data-id=\"8aec161\" data-element_type=\"section\">\n\t\t\t\t\t\t<div class=\"elementor-container elementor-column-gap-default\">\n\t\t\t\t\t\t\t<div class=\"elementor-row\">\n\t\t\t\t\t<div class=\"elementor-column elementor-col-100 elementor-top-column elementor-element elementor-element-f2571b7\" data-id=\"f2571b7\" data-element_type=\"column\">\n\t\t\t<div class=\"elementor-column-wrap elementor-element-populated\">\n\t\t\t\t\t\t\t<div class=\"elementor-widget-wrap\">\n\t\t\t\t\t\t<div class=\"elementor-element elementor-element-bbe6aeb elementor-widget elementor-widget-text-editor\" data-id=\"bbe6aeb\" data-element_type=\"widget\" data-widget_type=\"text-editor.default\">\n\t\t\t\t<div class=\"elementor-widget-container\">\n\t\t\t\t\t<div class=\"elementor-text-editor elementor-clearfix\"><p><span style=\"font-family: Oswald-Regular, Oswald, Helvetica Neue, Helvetica, Arial, sans-serif;\">Donnez envie de venir vous voir<\/span><\/p><p>Ces visites sont disponibles d\u2018un simple\u00a0clic sur les smartphones, tablettes, site internet ou sur des bornes interactives.<\/p><\/div>\n\t\t\t\t<\/div>\n\t\t\t\t<\/div>\n\t\t\t\t<div class=\"elementor-element elementor-element-715613a elementor-widget elementor-widget-text-editor\" data-id=\"715613a\" data-element_type=\"widget\" data-widget_type=\"text-editor.default\">\n\t\t\t\t<div class=\"elementor-widget-container\">\n\t\t\t\t\t<div class=\"elementor-text-editor elementor-clearfix\"><\/div>\n\t\t\t\t<\/div>\n\t\t\t\t<\/div>\n\t\t\t\t\t\t<\/div>\n\t\t\t\t\t<\/div>\n\t\t<\/div>\n\t\t\t\t\t\t\t\t<\/div>\n\t\t\t\t\t<\/div>\n\t\t<\/section>\n\t\t\t\t\t\t<\/div>\n\t\t\t\t\t\t<\/div>\n\t\t\t\t\t<\/div>\n\t\t","protected":false},"excerpt":{"rendered":"<p>Les donn\u00e9es sur l\u2019utilisation d\u2019Instagram d\u00e9montrent la puissance des images pour votre pr\u00e9sence en ligne. L\u2019aspiration \u00e0 de belles images n\u2019est pas une tendance passag\u00e8re et les h\u00f4teliers doivent exploiter tous les atouts de leur propri\u00e9t\u00e9. \u00a0Regardez ces exemples splendides de photos promotionnelles et notez comment elles explorent m\u00eame les endroits les plus insolites des [&hellip;]<\/p>\n","protected":false},"author":1,"featured_media":0,"parent":0,"menu_order":0,"comment_status":"closed","ping_status":"closed","template":"elementor_canvas","meta":[],"_links":{"self":[{"href":"http:\/\/www.by.immersiv3d.fr\/index.php\/wp-json\/wp\/v2\/pages\/6"}],"collection":[{"href":"http:\/\/www.by.immersiv3d.fr\/index.php\/wp-json\/wp\/v2\/pages"}],"about":[{"href":"http:\/\/www.by.immersiv3d.fr\/index.php\/wp-json\/wp\/v2\/types\/page"}],"author":[{"embeddable":true,"href":"http:\/\/www.by.immersiv3d.fr\/index.php\/wp-json\/wp\/v2\/users\/1"}],"replies":[{"embeddable":true,"href":"http:\/\/www.by.immersiv3d.fr\/index.php\/wp-json\/wp\/v2\/comments?post=6"}],"version-history":[{"count":14,"href":"http:\/\/www.by.immersiv3d.fr\/index.php\/wp-json\/wp\/v2\/pages\/6\/revisions"}],"predecessor-version":[{"id":31,"href":"http:\/\/www.by.immersiv3d.fr\/index.php\/wp-json\/wp\/v2\/pages\/6\/revisions\/31"}],"wp:attachment":[{"href":"http:\/\/www.by.immersiv3d.fr\/index.php\/wp-json\/wp\/v2\/media?parent=6"}],"curies":[{"name":"wp","href":"https:\/\/api.w.org\/{rel}","templated":true}]}}